{"id":3,"date":"2019-01-31T20:16:19","date_gmt":"2019-01-31T20:16:19","guid":{"rendered":"https:\/\/meigoconxuro.com\/?page_id=3"},"modified":"2019-02-04T13:58:27","modified_gmt":"2019-02-04T13:58:27","slug":"privacy-policy","status":"publish","type":"page","link":"https:\/\/meigoconxuro.com\/?page_id=3","title":{"rendered":"Pol\u00edtica de Privacidad"},"content":{"rendered":"\r\n<h2>Quienes Somos<\/h2>\r\n\r\n\r\n\r\n<p>La direcci\u00f3n de nuestro sitio es: https:\/\/meigoconxuro.com.<\/p>\r\n\r\n\r\n\r\n<h2>Que datos personales recopilamos y porqu\u00e9 los recopilamos<\/h2>\r\n\r\n\r\n\r\n<h3>Comentarios<\/h3>\r\n\r\n\r\n\r\n<p><span class=\"tlid-translation translation\">Cuando los visitantes dejan comentarios en el sitio, recopilamos los datos que se muestran en el formulario de comentarios, y tambi\u00e9n la direcci\u00f3n IP del visitante y la cadena del agente del usuario del navegador para ayudar a la detecci\u00f3n de spam.<br \/><br \/>Se puede proporcionar una cadena an\u00f3nima creada a partir de su direcci\u00f3n de correo electr\u00f3nico (tambi\u00e9n llamada hash) al servicio Gravatar para ver si la est\u00e1 usando. La pol\u00edtica de privacidad del servicio Gravatar est\u00e1 disponible aqu\u00ed: https:\/\/automattic.com\/privacy\/. Despu\u00e9s de la aprobaci\u00f3n de su comentario, su imagen de perfil es visible al p\u00fablico en el contexto de su comentario.<\/span><\/p>\r\n\r\n\r\n\r\n\r\n\r\n<h3>Im\u00e1genes<\/h3>\r\n\r\n\r\n\r\n<p><span class=\"tlid-translation translation\">Si carga im\u00e1genes en el sitio web, debe evitar subir im\u00e1genes con datos de ubicaci\u00f3n incorporados (GPS EXIF) incluidos. Los visitantes del sitio web pueden descargar y extraer los datos de ubicaci\u00f3n de las im\u00e1genes en el sitio web.<\/span><\/p>\r\n\r\n\r\n\r\n<h3>Formulario de Contacto<\/h3>\r\n\r\n\r\n\r\n<h3>Cookies<\/h3>\r\n\r\n\r\n\r\n<p><span class=\"tlid-translation translation\">Si deja un comentario en nuestro sitio, puede optar por guardar su nombre, direcci\u00f3n de correo electr\u00f3nico y sitio web en cookies. Estos son para su conveniencia para que no tenga que completar sus datos nuevamente cuando deje otro comentario. Estas cookies durar\u00e1n un a\u00f1o.<br \/><br \/>Si tiene una cuenta e inicia sesi\u00f3n en este sitio, estableceremos una cookie temporal para determinar si su navegador acepta cookies. Esta cookie no contiene datos personales y se descarta al cerrar su navegador.<br \/><br \/>Cuando inicie sesi\u00f3n, tambi\u00e9n configuraremos varias cookies para guardar su informaci\u00f3n de inicio de sesi\u00f3n y las opciones de visualizaci\u00f3n de su pantalla. Las cookies de inicio de sesi\u00f3n duran dos d\u00edas y las cookies de opciones de pantalla duran un a\u00f1o. Si selecciona &#8220;Recordarme&#8221;, su inicio de sesi\u00f3n persistir\u00e1 durante dos semanas. Si se desconecta de su cuenta, se eliminar\u00e1n las cookies de inicio de sesi\u00f3n.<br \/><br \/>Si edita o publica un art\u00edculo, se guardar\u00e1 una cookie adicional en su navegador. Esta cookie no incluye datos personales y simplemente indica el ID de publicaci\u00f3n del art\u00edculo que acaba de editar. Vence despu\u00e9s de 1 d\u00eda.<\/span><\/p>\r\n<h3>Contenido de otras webs<\/h3>\r\n\r\n\r\n\r\n<p><span class=\"tlid-translation translation\">Los art\u00edculos en este sitio pueden incluir contenido incrustado (por ejemplo, videos, im\u00e1genes, art\u00edculos, etc.). El contenido incorporado de otros sitios web se comporta de la misma manera que si el visitante hubiera visitado el otro sitio web.<br \/><br \/>Es posible que estos sitios web recopilen informaci\u00f3n sobre usted, utilicen cookies, incorporen un seguimiento de terceros adicional y monitoreen su interacci\u00f3n con ese contenido integrado, incluido el seguimiento de su interacci\u00f3n con el contenido incorporado si tiene una cuenta y est\u00e1 registrado en ese sitio web.<\/span><\/p>\r\n","protected":false},"excerpt":{"rendered":"<p>Quienes Somos La direcci\u00f3n de nuestro sitio es: https:\/\/meigoconxuro.com. Que datos personales recopilamos y porqu\u00e9 los recopilamos Comentarios Cuando los visitantes dejan comentarios en el sitio, recopilamos los datos que se muestran en el formulario de comentarios, y tambi\u00e9n la direcci\u00f3n IP del visitante y la cadena del agente del usuario del navegador para ayudar&hellip; <br \/> <a class=\"read-more\" href=\"https:\/\/meigoconxuro.com\/?page_id=3\">Leer m\u00e1s<\/a><\/p>\n","protected":false},"author":1,"featured_media":0,"parent":0,"menu_order":0,"comment_status":"closed","ping_status":"open","template":"","meta":[],"_links":{"self":[{"href":"https:\/\/meigoconxuro.com\/index.php?rest_route=\/wp\/v2\/pages\/3"}],"collection":[{"href":"https:\/\/meigoconxuro.com\/index.php?rest_route=\/wp\/v2\/pages"}],"about":[{"href":"https:\/\/meigoconxuro.com\/index.php?rest_route=\/wp\/v2\/types\/page"}],"author":[{"embeddable":true,"href":"https:\/\/meigoconxuro.com\/index.php?rest_route=\/wp\/v2\/users\/1"}],"replies":[{"embeddable":true,"href":"https:\/\/meigoconxuro.com\/index.php?rest_route=%2Fwp%2Fv2%2Fcomments&post=3"}],"version-history":[{"count":2,"href":"https:\/\/meigoconxuro.com\/index.php?rest_route=\/wp\/v2\/pages\/3\/revisions"}],"predecessor-version":[{"id":95,"href":"https:\/\/meigoconxuro.com\/index.php?rest_route=\/wp\/v2\/pages\/3\/revisions\/95"}],"wp:attachment":[{"href":"https:\/\/meigoconxuro.com\/index.php?rest_route=%2Fwp%2Fv2%2Fmedia&parent=3"}],"curies":[{"name":"wp","href":"https:\/\/api.w.org\/{rel}","templated":true}]}}